{"id":8603,"date":"2016-03-19T16:54:18","date_gmt":"2016-03-19T16:54:18","guid":{"rendered":"http:\/\/andromeda-buecher.de\/buch2\/shop\/armut-im-ueberfluss-nachrichten-aus-einer-gespaltenen-gesellschaft\/"},"modified":"2016-04-18T17:19:25","modified_gmt":"2016-04-18T15:19:25","slug":"armut-im-ueberfluss-nachrichten-aus-einer-gespaltenen-gesellschaft","status":"publish","type":"product","link":"http:\/\/andromeda-buecher.de\/buch2\/produkt\/armut-im-ueberfluss-nachrichten-aus-einer-gespaltenen-gesellschaft\/","title":{"rendered":"Armut im \u00dcberfluss. Nachrichten aus einer gespaltenen Gesellschaft"},"content":{"rendered":"<ul>\n<li><b>Gebundene Ausgabe:<\/b> 351 Seiten<\/li>\n<li><b>Verlag:<\/b> Steidl; Auflage: 1 (November 2007)<\/li>\n<li><b>Sprache:<\/b> Deutsch<\/li>\n<li><b>ISBN-10:<\/b> 3865214258<\/li>\n<li><b>ISBN-13:<\/b> 978-3865214256<\/li>\n<\/ul>\n<p><b>Ross und Reiter eines ungerechten Systems<\/b>,<\/p>\n<div style=\"margin-bottom: 0.5em;\">6. Dezember 2007<\/div>\n<div style=\"margin-bottom: 0.5em;\">\n<table border=\"0\" cellspacing=\"0\" cellpadding=\"0\">\n<tbody>\n<tr>\n<td valign=\"top\">Von<\/td>\n<td><a href=\"http:\/\/www.amazon.de\/gp\/pdp\/profile\/A46Y07PGPWFC7\/ref=cm_cr_dp_pdp\"><span style=\"font-weight: bold;\">marsborn &#8222;mb&#8220;<\/span><\/a><\/td>\n<\/tr>\n<\/tbody>\n<\/table>\n<p>amazon<\/p>\n<\/div>\n<p>&#8222;Reden wir dar\u00fcber, dass der Chef der Deutschen Bank, Josef Ackermann,<br \/>\npro Stunde mehr Geld bekommt als ein Durchschnittsverdiener in zwei<br \/>\nMonaten.&#8220; Es ist in der Tat h\u00f6chste Zeit, dieses Thema anzugehen. Beck<br \/>\nund Meine belegen unaufgeregt und in bewunderstwerter Klarheit und<br \/>\nSachlichkeit mit zahlreichen Namen, Fakten und Zahlen, dass im<br \/>\ndrittreichsten Land der Welt Armut zugunsten einer unfassbar reichen<br \/>\nOberschicht systematisch erzeugt und bewusst strukturell vermehrt wird.<br \/>\nUnd dass wir nicht etwa auf dem Wege w\u00e4ren, von dieser Entwicklung weg<br \/>\nzu kommen, sondern dass die Schere seit den Neunzigerjahren ganz im<br \/>\nGegenteil im gro\u00dfen Stil und mit Hilfe der oft erschreckend hilflosen<br \/>\nPolitik zunehmend erweitert wird. Was dieses Buch allein in den ersten<br \/>\nKapiteln \u00fcber die 100 reichsten Milliard\u00e4re unseres Landes berichtet,<br \/>\nist erschreckend: Dieses Buch ist \u00fcberf\u00e4llig, denn es &#8222;&#8230;kratzt an dem<br \/>\nMythos, viel Geld habe etwas mit gro\u00dfer Leistung zu tun &#8230;die 100<br \/>\ndeutschen Milliard\u00e4re &#8230;haben ihr Geld nicht verdient, sondern geerbt<br \/>\nund leben jetzt von den Zinsen.&#8220; Dieses Buch ist schon deshalb<br \/>\nbedeutsam, weil bislang noch nie jemand so klar und deutlich Namen und<br \/>\nVerm\u00f6gen derer, die man sonst im Dunkeln nicht sieht und denen wir das<br \/>\nsoziale Ungleichgewicht der deutschen Gesellschaft verdanken,<br \/>\ndurchleuchtet hat. Zitat: F\u00fcr Ackermanns &#8222;&#8230;Jahressal\u00e4r m\u00fcssten Otto<br \/>\nNormalverdiender und Monika Mustermann 490 Jahre lang arbeiten.&#8220; Frage:<br \/>\nIst das Ackermanns Leistung angemessen? Beck und Meine geben Antworten<br \/>\nund analysieren Banken und politische F\u00fchrungsetagen ebenso detailliert<br \/>\nund unpr\u00e4tenti\u00f6s, wie den armuterzeugenden Mechanismus des postmodernen<br \/>\nSozialsstaats, die Kunst der \u00f6ffentlichen Statistik, die Anatomie der<br \/>\nlegalen Umverteilung und die bittere Realit\u00e4t der neuen Unterschichten.<br \/>\nKurz &#8211; faktensatte Pflichtlekt\u00fcre f\u00fcr jeden, der begreifen m\u00f6chte, was<br \/>\nin Deutschland derzeit schief l\u00e4uft. Egal ob politisch rechts, links<br \/>\noder gar nichts: Erst dieses Buch lesen, dann weiter weiterdiskutieren.<br \/>\nPr\u00e4dikat: Unbedingt lesen!<\/p>\n","protected":false},"excerpt":{"rendered":"<p>Gebundene Ausgabe: 351 Seiten Verlag: Steidl; Auflage: 1 (November 2007) Sprache: Deutsch ISBN-10: 3865214258 ISBN-13: 978-3865214256 Ross und Reiter eines ungerechten Systems, 6. Dezember 2007 Von marsborn &#8222;mb&#8220; amazon &#8222;Reden wir dar\u00fcber, dass der Chef der Deutschen Bank, Josef Ackermann, pro Stunde mehr Geld bekommt als ein Durchschnittsverdiener in zwei Monaten.&#8220; Es ist in der [&hellip;]<\/p>\n","protected":false},"featured_media":16339,"comment_status":"closed","ping_status":"closed","template":"","meta":[],"product_cat":[128],"product_tag":[],"_links":{"self":[{"href":"http:\/\/andromeda-buecher.de\/buch2\/wp-json\/wp\/v2\/product\/8603"}],"collection":[{"href":"http:\/\/andromeda-buecher.de\/buch2\/wp-json\/wp\/v2\/product"}],"about":[{"href":"http:\/\/andromeda-buecher.de\/buch2\/wp-json\/wp\/v2\/types\/product"}],"replies":[{"embeddable":true,"href":"http:\/\/andromeda-buecher.de\/buch2\/wp-json\/wp\/v2\/comments?post=8603"}],"wp:featuredmedia":[{"embeddable":true,"href":"http:\/\/andromeda-buecher.de\/buch2\/wp-json\/wp\/v2\/media\/16339"}],"wp:attachment":[{"href":"http:\/\/andromeda-buecher.de\/buch2\/wp-json\/wp\/v2\/media?parent=8603"}],"wp:term":[{"taxonomy":"product_cat","embeddable":true,"href":"http:\/\/andromeda-buecher.de\/buch2\/wp-json\/wp\/v2\/product_cat?post=8603"},{"taxonomy":"product_tag","embeddable":true,"href":"http:\/\/andromeda-buecher.de\/buch2\/wp-json\/wp\/v2\/product_tag?post=8603"}],"curies":[{"name":"wp","href":"https:\/\/api.w.org\/{rel}","templated":true}]}}