{"id":8527,"date":"2016-03-19T16:54:08","date_gmt":"2016-03-19T16:54:08","guid":{"rendered":"http:\/\/andromeda-buecher.de\/buch2\/shop\/gralsstein-der-stein-der-weisen\/"},"modified":"2016-10-27T15:47:37","modified_gmt":"2016-10-27T13:47:37","slug":"gralsstein-der-stein-der-weisen","status":"publish","type":"product","link":"http:\/\/andromeda-buecher.de\/buch2\/produkt\/gralsstein-der-stein-der-weisen\/","title":{"rendered":"Gralsstein &#8211; Der Stein der Weisen"},"content":{"rendered":"<div align=\"left\">\n<p>Trotz unz\u00e4hliger Forschungen, Theorien und Beweise den Heiligen Gral<br \/>\nbetreffend gibt dieses Heiligtum noch immer viele R\u00e4tsel auf. Existiert<br \/>\ner \u00fcberhaupt? Ist er nur eine Legende, ein Mythos, eine literarische<br \/>\nErfindung des Mittelalters? Oder ist er tats\u00e4chlich ein Stein, ein<br \/>\nKelch, die Blutlinie Jesu Christi?<\/p>\n<p>Die Spuren des Grals f\u00fchren au\u00dfer zu den bekannten europ\u00e4ischen<br \/>\nSchaupl\u00e4tzen unter anderem nach Pal\u00e4stina und ins alte \u00c4gypten,<br \/>\nspeziell zur Cheopspyramide. Vieles spricht daf\u00fcr, da\u00df Gottes<br \/>\ngefallener Engel und Lichttr\u00e4ger Luzifer, aus dessen Krone ein Stein &#8211;<br \/>\nder Gralsstein, der der Stein der Weisen sein soll &#8211; gefallen war, und<br \/>\nder \u00e4gyptische Sonnengott Re identisch sind.<\/p>\n<p>Das fundiert recherchierte Buch von Andreas Wenath ist ein<br \/>\neinzigartiger R\u00fcckblick in die &#8222;Geschichte&#8220; des Grals, die bis in die<br \/>\nFr\u00fchzeit der hochkulturellen Menschheit reicht. Es l\u00e4\u00dft deutlich<br \/>\nerkennen, woher der Gral stammt und welcher Art und Beschaffenheit er<br \/>\neigentlich ist. Um dies darstellen und auch beweisen zu k\u00f6nnen, zieht<br \/>\nder Autor die Geschichte, die Literatur und die Arch\u00e4ologie heran. Eine<br \/>\nbesondere Rolle spielt die uralte \u00e4gyptische, j\u00fcdische und christliche<br \/>\nSymbolik, die in direkter Verbindung zur Mathematik, zur<br \/>\nGeheimwissenschaft der Kabbala, der Mystik, der Geometrie von<br \/>\nBuchstaben und (ihren) Zahlen steht. Erkennbar wird in diesem<br \/>\nGesamtzusammenhang auch die Herkunft und Entstehung der einfachsten<br \/>\nUrgrundlagen der Geometrie, Mathematik, Musik und Astronomie.<\/p>\n<p>Andreas Wenath enth\u00fcllt zudem spektakul\u00e4re L\u00fcgen und Irrlehren der<br \/>\nKatholischen Kirche, die diese in Erkl\u00e4rungsnot bringen und das<br \/>\nkirchenchristliche Glaubensfundament sowie die kirchliche Autorit\u00e4t<br \/>\nmassiv und nachhallend ersch\u00fcttern d\u00fcrften.<\/p>\n<\/div>\n<p>ca. 300 Seiten, zahlreiche s\/w-Abbildungen<br \/>\nISBN: 978-3-934291-50-8<\/p>\n","protected":false},"excerpt":{"rendered":"<p>Trotz unz\u00e4hliger Forschungen, Theorien und Beweise den Heiligen Gral betreffend gibt dieses Heiligtum noch immer viele R\u00e4tsel auf. Existiert er \u00fcberhaupt? Ist er nur eine Legende, ein Mythos, eine literarische Erfindung des Mittelalters? Oder ist er tats\u00e4chlich ein Stein, ein Kelch, die Blutlinie Jesu Christi? Die Spuren des Grals f\u00fchren au\u00dfer zu den bekannten europ\u00e4ischen [&hellip;]<\/p>\n","protected":false},"featured_media":13935,"comment_status":"closed","ping_status":"closed","template":"","meta":[],"product_cat":[159],"product_tag":[],"_links":{"self":[{"href":"http:\/\/andromeda-buecher.de\/buch2\/wp-json\/wp\/v2\/product\/8527"}],"collection":[{"href":"http:\/\/andromeda-buecher.de\/buch2\/wp-json\/wp\/v2\/product"}],"about":[{"href":"http:\/\/andromeda-buecher.de\/buch2\/wp-json\/wp\/v2\/types\/product"}],"replies":[{"embeddable":true,"href":"http:\/\/andromeda-buecher.de\/buch2\/wp-json\/wp\/v2\/comments?post=8527"}],"wp:featuredmedia":[{"embeddable":true,"href":"http:\/\/andromeda-buecher.de\/buch2\/wp-json\/wp\/v2\/media\/13935"}],"wp:attachment":[{"href":"http:\/\/andromeda-buecher.de\/buch2\/wp-json\/wp\/v2\/media?parent=8527"}],"wp:term":[{"taxonomy":"product_cat","embeddable":true,"href":"http:\/\/andromeda-buecher.de\/buch2\/wp-json\/wp\/v2\/product_cat?post=8527"},{"taxonomy":"product_tag","embeddable":true,"href":"http:\/\/andromeda-buecher.de\/buch2\/wp-json\/wp\/v2\/product_tag?post=8527"}],"curies":[{"name":"wp","href":"https:\/\/api.w.org\/{rel}","templated":true}]}}