{"id":6701,"date":"2016-03-18T16:06:44","date_gmt":"2016-03-18T16:06:44","guid":{"rendered":"http:\/\/andromeda-buecher.de\/buch2\/?product=die-fraternitas-saturni-fs-als-beispiel-fuer-einen-arkan-mystogenen-geheimorden-des-20-jahrhunderts"},"modified":"2016-03-18T16:06:44","modified_gmt":"2016-03-18T16:06:44","slug":"die-fraternitas-saturni-fs-als-beispiel-fuer-einen-arkan-mystogenen-geheimorden-des-20-jahrhunderts","status":"publish","type":"product","link":"http:\/\/andromeda-buecher.de\/buch2\/produkt\/die-fraternitas-saturni-fs-als-beispiel-fuer-einen-arkan-mystogenen-geheimorden-des-20-jahrhunderts\/","title":{"rendered":"DIE FRATERNITAS SATURNI (FS) ALS BEISPIEL F\u00dcR EINEN ARKAN-MYSTOGENEN GEHEIMORDEN DES 20. JAHRHUNDERTS"},"content":{"rendered":"<p>\nARW-Kopie!!!<\/p>\n<p>\nTeil einer geplanten Dissertation <br \/>\nHIRAM-EDITION 1<br \/>\n<br \/>\nFriedrich-Wilhelm Haack<br \/>\n<br \/>\nDIE FRATERNITAS SATURNI (FS) ALS BEISPIEL F\u00dcR EINEN ARKAN-MYSTOGENEN GEHEIMORDEN DES 20. JAHRHUNDERTS<br \/>\n<br \/>\n3. Auflage M\u00fcnchen 1990, 143 S.<\/p>\n<p>\nAus dem Inhalt: Aleister Crowley und Eugen Grosche \/ Kurzer \u00dcberblick \u00fcber Entstehung und Geschichte bis zum Verbot \/ Neugr\u00fcndung und neuere Geschichte der FS im Spiegel der internen Rundbriefe \/ Die magisch-esoterische Arbeit der FS, dargestellt am Beispiel der Arbeitsbriefe eines Eingeweihten \/ Gnostische Ideen im Lehrgut der FS \/ Verf\u00fcgungen des Gro\u00dfmeisters \/ Rundschreiben der FS (Winke, Anregungen und Ratschl\u00e4ge f\u00fcr die Br\u00fcder und Schwestern der Loge) \/ Der Generalinspekteur der FS zur juristischen Stellung der FS und zum Testament des Gro\u00dfmeisters Gregorius \/ Rituale Missae Fraternitatis Saturni \/\/\n<\/p>\n<p>\nDer umfangreiche Quellenteil enth\u00e4lt im Original abgedruckte, interne Materialien der FS, die noch nie ver\u00f6ffentlicht wurden.\n<\/p>\n<p>\nMit der FS hat sich die ARW noch \u00f6fters befasst, dies war nur der Anfang. Im Besitz aller wesentlichen Unterlagen des Ordens (von den Gr\u00fcnderjahren bis in die 60er-Jahre), ver\u00f6ffentlichten wir jedoch nur jene Dokumente, die f\u00fcr die Entwicklung und Geschichte des Ordens bedeutsam waren, &#8211; und dies nicht nur aus rechtlichen Gr\u00fcnden. Auch Horst Knaut hatte sein umfangreiches Manuskript (&quot;Die arkan-mystogene Subkultur der Gegenwart&quot;, M\u00fcnchen 1974), f\u00fcr das ein skandinavischer Lehrstuhl Interesse zeigte, nie ver\u00f6ffentlicht. Es lag uns u.a. als Quellenmaterial vor. Haack und Knaut hatten zeitweise vor, an der Universit\u00e4t in Aarhus eine Dissertation vorzulegen, von der der vorliegende Band einen kleinen Teil darstellt.\n<\/p>\n<p>\nIn einer Anmerkung der 1. Auflage war ein Gro\u00dfmeister versehentlich totgesagt worden, was f\u00fcr erhebliche Heiterkeit in der Szene sorgte. Dies wurde in den folgenden Auflagen nat\u00fcrlich berichtigt. Au\u00dferdem schm\u00fcckte das Titelblatt nunmehr der D\u00e4mon des Totengestanks, Humwawa, aus der Urilia-Schrift des Necronomicon. Wenn schon, denn schon.<\/p>\n","protected":false},"excerpt":{"rendered":"<p>ARW-Kopie!!! Teil einer geplanten Dissertation HIRAM-EDITION 1 Friedrich-Wilhelm Haack DIE FRATERNITAS SATURNI (FS) ALS BEISPIEL F\u00dcR EINEN ARKAN-MYSTOGENEN GEHEIMORDEN DES 20. JAHRHUNDERTS 3. Auflage M\u00fcnchen 1990, 143 S. Aus dem Inhalt: Aleister Crowley und Eugen Grosche \/ Kurzer \u00dcberblick \u00fcber Entstehung und Geschichte bis zum Verbot \/ Neugr\u00fcndung und neuere Geschichte der FS im Spiegel [&hellip;]<\/p>\n","protected":false},"featured_media":0,"comment_status":"open","ping_status":"closed","template":"","meta":[],"product_cat":[65],"product_tag":[],"_links":{"self":[{"href":"http:\/\/andromeda-buecher.de\/buch2\/wp-json\/wp\/v2\/product\/6701"}],"collection":[{"href":"http:\/\/andromeda-buecher.de\/buch2\/wp-json\/wp\/v2\/product"}],"about":[{"href":"http:\/\/andromeda-buecher.de\/buch2\/wp-json\/wp\/v2\/types\/product"}],"replies":[{"embeddable":true,"href":"http:\/\/andromeda-buecher.de\/buch2\/wp-json\/wp\/v2\/comments?post=6701"}],"wp:attachment":[{"href":"http:\/\/andromeda-buecher.de\/buch2\/wp-json\/wp\/v2\/media?parent=6701"}],"wp:term":[{"taxonomy":"product_cat","embeddable":true,"href":"http:\/\/andromeda-buecher.de\/buch2\/wp-json\/wp\/v2\/product_cat?post=6701"},{"taxonomy":"product_tag","embeddable":true,"href":"http:\/\/andromeda-buecher.de\/buch2\/wp-json\/wp\/v2\/product_tag?post=6701"}],"curies":[{"name":"wp","href":"https:\/\/api.w.org\/{rel}","templated":true}]}}