{"id":6192,"date":"2016-03-18T16:04:54","date_gmt":"2016-03-18T16:04:54","guid":{"rendered":"http:\/\/andromeda-buecher.de\/buch2\/?product=wir-lesen-deutsche-schrift"},"modified":"2016-03-30T19:07:41","modified_gmt":"2016-03-30T17:07:41","slug":"wir-lesen-deutsche-schrift","status":"publish","type":"product","link":"http:\/\/andromeda-buecher.de\/buch2\/produkt\/wir-lesen-deutsche-schrift\/","title":{"rendered":"Wir lesen deutsche Schrift"},"content":{"rendered":"<p>broschiert, Orion-Heimreiter Verlag<\/p>\n<p>Ein kleines, n\u00fctzliches B\u00fcchlein mit den verschiedensten Leseproben der deutschen Schreib- und Druckschriften (S\u00fctterlin). Die althergebrachte deutsche Schrift ist ein Kulturgut, das nicht in Vergessenheit geraten sollte. Es ist ein ermutigendes Zeichen, da\u00df wir inzwischen verschiedenste deutsche Druckschriften auch f\u00fcr Computer zur Verf\u00fcgung haben und damit ein Einsatz mit modernster Technologie m\u00f6glich ist. In Zeitungsk\u00f6pfen, \u00dcberschriften, auf Gl\u00fcckwunschkarten, in bibliophilen B\u00fcchern und in anspruchsvoller Werbung finden wir zunehmend deutsche Druckschriften. Helfen sie mit, da\u00df die Kinder von heute noch die Briefe und B\u00fccher ihrer Gro\u00dfeltern lesen k\u00f6nnen.<\/p>\n<p>Dieses B\u00fcchlein ist f\u00fcr Einsteiger geeignet. F\u00fcr Fortgeschrittene eher weniger.<\/p>\n","protected":false},"excerpt":{"rendered":"<p>broschiert, Orion-Heimreiter Verlag Ein kleines, n\u00fctzliches B\u00fcchlein mit den verschiedensten Leseproben der deutschen Schreib- und Druckschriften (S\u00fctterlin). Die althergebrachte deutsche Schrift ist ein Kulturgut, das nicht in Vergessenheit geraten sollte. Es ist ein ermutigendes Zeichen, da\u00df wir inzwischen verschiedenste deutsche Druckschriften auch f\u00fcr Computer zur Verf\u00fcgung haben und damit ein Einsatz mit modernster Technologie m\u00f6glich [&hellip;]<\/p>\n","protected":false},"featured_media":15425,"comment_status":"open","ping_status":"closed","template":"","meta":[],"product_cat":[75],"product_tag":[],"_links":{"self":[{"href":"http:\/\/andromeda-buecher.de\/buch2\/wp-json\/wp\/v2\/product\/6192"}],"collection":[{"href":"http:\/\/andromeda-buecher.de\/buch2\/wp-json\/wp\/v2\/product"}],"about":[{"href":"http:\/\/andromeda-buecher.de\/buch2\/wp-json\/wp\/v2\/types\/product"}],"replies":[{"embeddable":true,"href":"http:\/\/andromeda-buecher.de\/buch2\/wp-json\/wp\/v2\/comments?post=6192"}],"wp:featuredmedia":[{"embeddable":true,"href":"http:\/\/andromeda-buecher.de\/buch2\/wp-json\/wp\/v2\/media\/15425"}],"wp:attachment":[{"href":"http:\/\/andromeda-buecher.de\/buch2\/wp-json\/wp\/v2\/media?parent=6192"}],"wp:term":[{"taxonomy":"product_cat","embeddable":true,"href":"http:\/\/andromeda-buecher.de\/buch2\/wp-json\/wp\/v2\/product_cat?post=6192"},{"taxonomy":"product_tag","embeddable":true,"href":"http:\/\/andromeda-buecher.de\/buch2\/wp-json\/wp\/v2\/product_tag?post=6192"}],"curies":[{"name":"wp","href":"https:\/\/api.w.org\/{rel}","templated":true}]}}