{"id":5581,"date":"2016-03-18T16:04:10","date_gmt":"2016-03-18T16:04:10","guid":{"rendered":"http:\/\/andromeda-buecher.de\/buch2\/?product=freimaurerei-von-der-dunkelheit-zum-licht-dvd"},"modified":"2021-05-08T13:16:35","modified_gmt":"2021-05-08T11:16:35","slug":"freimaurerei-von-der-dunkelheit-zum-licht-dvd","status":"publish","type":"product","link":"http:\/\/andromeda-buecher.de\/buch2\/produkt\/freimaurerei-von-der-dunkelheit-zum-licht-dvd\/","title":{"rendered":"Freimaurerei &#8211; von der Dunkelheit zum Licht (DVD)"},"content":{"rendered":"<p>DVD, Vortrag, ca. 40 Minuten, ISBN\/BestellNr.: 3-931695-69-7, Sternentor<\/p>\n<p>Dieser Film gibt eine grundlegende Einf\u00fchrung in die Freimaurerei und wird Ihnen au\u00dferordentliche und enth\u00fcllende Informationen liefern. <\/p>\n<p>\nEs werden die Zusammenh\u00e4nge zwischen Satanismus, Hexerei und Freimaurerei aus religi\u00f6ser Sicht dargestellt. Ist \u00e4gyptisches Heidentum die Wurzel der Freimaurerei? Auch werden Vergleiche zwischen Freimaurerei und Hexentum aufgezeigt, so zum Beispiel die Freimaurer-Eide, philosophische Glaubensrichtungen, Riten und Praktiken.\n<\/p>\n<p>\nhttp:\/\/www.google.de\/search?q=cache:bhPlFymMiegJ:www.masonica.de\/Links.html+linkliste+Freimaurer&#038;hl=de&#038;ie=UTF-8<\/p>\n","protected":false},"excerpt":{"rendered":"<p>DVD, Vortrag, ca. 40 Minuten, ISBN\/BestellNr.: 3-931695-69-7, Sternentor Dieser Film gibt eine grundlegende Einf\u00fchrung in die Freimaurerei und wird Ihnen au\u00dferordentliche und enth\u00fcllende Informationen liefern. Es werden die Zusammenh\u00e4nge zwischen Satanismus, Hexerei und Freimaurerei aus religi\u00f6ser Sicht dargestellt. Ist \u00e4gyptisches Heidentum die Wurzel der Freimaurerei? Auch werden Vergleiche zwischen Freimaurerei und Hexentum aufgezeigt, so zum [&hellip;]<\/p>\n","protected":false},"featured_media":0,"comment_status":"open","ping_status":"closed","template":"","meta":[],"product_cat":[35],"product_tag":[],"_links":{"self":[{"href":"http:\/\/andromeda-buecher.de\/buch2\/wp-json\/wp\/v2\/product\/5581"}],"collection":[{"href":"http:\/\/andromeda-buecher.de\/buch2\/wp-json\/wp\/v2\/product"}],"about":[{"href":"http:\/\/andromeda-buecher.de\/buch2\/wp-json\/wp\/v2\/types\/product"}],"replies":[{"embeddable":true,"href":"http:\/\/andromeda-buecher.de\/buch2\/wp-json\/wp\/v2\/comments?post=5581"}],"wp:attachment":[{"href":"http:\/\/andromeda-buecher.de\/buch2\/wp-json\/wp\/v2\/media?parent=5581"}],"wp:term":[{"taxonomy":"product_cat","embeddable":true,"href":"http:\/\/andromeda-buecher.de\/buch2\/wp-json\/wp\/v2\/product_cat?post=5581"},{"taxonomy":"product_tag","embeddable":true,"href":"http:\/\/andromeda-buecher.de\/buch2\/wp-json\/wp\/v2\/product_tag?post=5581"}],"curies":[{"name":"wp","href":"https:\/\/api.w.org\/{rel}","templated":true}]}}