{"id":4640,"date":"2016-03-18T16:03:16","date_gmt":"2016-03-18T16:03:16","guid":{"rendered":"http:\/\/andromeda-buecher.de\/buch2\/?product=die-apokalypse-entschleiert-als-esoterische-interpretation-der-einweihung-des-johannes-meist-genannt-die-offenbarung-des-johannes"},"modified":"2016-03-29T20:37:50","modified_gmt":"2016-03-29T18:37:50","slug":"die-apokalypse-entschleiert-als-esoterische-interpretation-der-einweihung-des-johannes-meist-genannt-die-offenbarung-des-johannes","status":"publish","type":"product","link":"http:\/\/andromeda-buecher.de\/buch2\/produkt\/die-apokalypse-entschleiert-als-esoterische-interpretation-der-einweihung-des-johannes-meist-genannt-die-offenbarung-des-johannes\/","title":{"rendered":"Die Apokalypse entschleiert: als esoterische Interpretation der Einweihung des Johannes meist genannt: Die Offenbarung des Johannes"},"content":{"rendered":"<p>als esoterische Interpretation der Einweihung des Johannes meist genannt: Die Offenbarung des Johannes &#8230;<br \/>\nvon James Morgan Pryse<br \/>\n1981, Restexemplar, antiquarisch, leichte Gebrauchsspuren<\/p>\n<p>In seinem gro\u00dfartigen Werk &#8222;Die Apokalypse entschleiert&#8220;, das die in der Offenbarung des Johannes beschriebene Er\u00f6ffnung der &#8222;sieben Siegel&#8220; als Entfaltung des geistigen Menschen durch Aktivierung der sieben Chakren interpretiert \u2013 eine Sichtweise, die sich bei Mazdaznan wiederfindet \u2013 , schreibt der auch von Friedrich Marby gesch\u00e4tzte James M. Pryse:<\/p>\n<p>&#8222;Wie jeder praktische \\&#8217;Pyrotechniker\\&#8216; wei\u00df, enth\u00e4lt das menschliche Gehirn bestimmte Zentren, einschlie\u00dflich der Schleimdr\u00fcse und der Zirbeldr\u00fcse, deren h\u00f6here Funktionen in den normalen Individuen der jetzigen menschlichen Rassen fast vollst\u00e4ndig schlafen und die deshalb im Neuen Testament wie auch in anderen esoterischen Schriften als \\&#8217;die Toten\\&#8216; bezeichnet werden. Und doch kann nur durch diese Organe des Gehirns das spirituelle Selbst des Menschen, sein \u00fcberschattender Gott, auf das Bewu\u00dftsein des psycho-intellektuellen Selbstes einwirken. Dieser leichenhafte Zustand der feineren Organe des Gehirns schlie\u00dft aber nicht sehr hohe Entwicklung der normalen intellektuellen F\u00e4higkeiten aus, abgesehen von der intuitiven Kraft. Es gibt tats\u00e4chlich und hat auch immer gegeben sehr beklagenswerte Beispiele gl\u00e4nzender Intellektualit\u00e4t, kombiniert mit der d\u00fcmmsten spirituellen Stumpfheit. Im Falle eines echten Genies wie eines Dichters, K\u00fcnstlers, intuitiven Philosophen und religi\u00f6sen Mystikers von heiligm\u00e4\u00dfiger Reinheit kann man von einem teilweisen Erwachen dieser Zentren sprechen; dagegen werden im Falle des Sehers &#8230; die h\u00f6heren F\u00e4higkeiten so entz\u00fcndet, da\u00df er die inneren Welten, die Ebenen des wahren Seins, erkennt. Sobald aber das Gehirn in seinen eigentlichen Funktionen v\u00f6llig wiederhergestellt ist durch die Kraftgebung jenes \\&#8217;Lichtes des Logos\\&#8216;, welches buchst\u00e4blich die sch\u00f6pferische Kraft des Logos ist, wird das Gehirn ein androgynes Organ, worin die unbefleckte Empf\u00e4ngnis und Schwangerschaft des selbstgezeugten und selbstgeborenen spirituellen Menschen stattfindet, der \\&#8217;von oben geboren\\&#8216; wird&#8230;&#8220;<\/p>\n<p>Pryse schreibt folgendes: \u201e(1) Muladhara, der zum Kreuzbein geh\u00f6rende Nervenknoten (Stei\u00dfbein w\u00e4re zutreffend, Kreuzbein geh\u00f6rt zum Svadhishthana, B.M.); Ephesos, eine Stadt, die f\u00fcr ihren gro\u00dfen Tempel der Diana ber\u00fchmt war, der \u2018vielbr\u00fcstigen Mutter\u2019, die in der Apokalypse als die \u2018Frau, mit der Sonne bekleidet, den Mond unter ihren F\u00fc\u00dfen\u2019 erscheint (diese Identifizierung ist nicht plausibel, da Diana den fr\u00fchen Christen als G\u00f6tze galt, B.M.), die Mondg\u00f6ttin und apokalyptische Heldin, die ebenso die Zeugungskraft, Sushumna (Sushumna ist nicht die Zeugungskraft, sondern der zentrale Kundalini-Kanal, B.M.), personifiziert, deren mystischer Name \u2018Welt-Mutter\u2019 hei\u00dft\u201c (Pryse, 393f.). \u201e(2) Adhishthana (muss hei\u00dfen: Svadhishthana, B.M.), der Nervenknoten bei der Prostata (die Prostata geh\u00f6rt zum Muladhara, die Hoden geh\u00f6ren zum Svadhishthana, B.M.); Smyrna, bekannt wegen seines Feigenanbaus; der Feigenbaum ist ein besonders augenf\u00e4lliges Phallussymbol. (3) Manipuraka, der epigastrische Nervenknoten; Pergamon, das durch seinen Aeskulaptempel bekannt ist; das Magengrubengeflecht oder der Solarplexus (der Solarplexus geh\u00f6rt zum darauffolgenden sekund\u00e4ren Hauptchakra Surya, B.M.) ist das Steuerzentrum k\u00f6rperlicher Lebensvorg\u00e4nge und Kr\u00e4fte, die bei jeder Form von Geistheilung angewendet werden. (4) Anahata, der kardiale Nervenknoten; Thyatira, eine Stadt, die f\u00fcr ihre Erzeugung von Scharlachfarbstoff ber\u00fchmt ist; der Name ist folglich ein versteckter Hinweis auf das Blut und den Kreislauf. (5) Vishuddi (Vishuddha, B.M.), der laryngeale Nervenknoten; Sardes, ein Name, der auf den Sarder oder Karneol, einen fleischfarbenen Stein, hinweist und so auf den gemeinhin als \u2018Adamsapfel\u2019 bezeichneten Kehlkopfh\u00f6cker anspielt. (6) Ajna, der kavern\u00f6se Nervenknoten; Philadelphia, eine Stadt, die wiederholt von Erdbeben zerst\u00f6rt wurde; die Manifestation der Kundalini durch das sechste Zentrum ist besonders heftig, und so beschreibt Ioannes, dass die \u00d6ffnung des sechsten Siegels (Muladhara f\u00fchrt Ida und Pingala in diesem Zentrum zu ihrem H\u00f6hepunkt) (Muladhara f\u00fchrt hier gar nichts, B.M.) von einem \u2018gro\u00dfen Erdbeben\u2019 begleitet wird. (7) Sahasrara, die Zirbeldr\u00fcse, das \u2018dritte Auge\u2019 (das sitzt aber zwischen den Augenbrauen, bei Ajna, B.M.); Laodizea, bekannt f\u00fcr seine Erzeugung des sogenannten \u2018phrygischen Puders\u2019, der als ein hervorragendes Mittel gegen wunde und schwache Augen gesch\u00e4tzt wurde; wahrscheinlich die \u2018Augensalbe\u2019, die Ioannes in der Botschaft an diese siebte Gemeinde erw\u00e4hnt\u201c (Pryse, 394).<\/p>\n","protected":false},"excerpt":{"rendered":"<p>als esoterische Interpretation der Einweihung des Johannes meist genannt: Die Offenbarung des Johannes &#8230; von James Morgan Pryse 1981, Restexemplar, antiquarisch, leichte Gebrauchsspuren In seinem gro\u00dfartigen Werk &#8222;Die Apokalypse entschleiert&#8220;, das die in der Offenbarung des Johannes beschriebene Er\u00f6ffnung der &#8222;sieben Siegel&#8220; als Entfaltung des geistigen Menschen durch Aktivierung der sieben Chakren interpretiert \u2013 eine [&hellip;]<\/p>\n","protected":false},"featured_media":15216,"comment_status":"open","ping_status":"closed","template":"","meta":[],"product_cat":[167],"product_tag":[],"_links":{"self":[{"href":"http:\/\/andromeda-buecher.de\/buch2\/wp-json\/wp\/v2\/product\/4640"}],"collection":[{"href":"http:\/\/andromeda-buecher.de\/buch2\/wp-json\/wp\/v2\/product"}],"about":[{"href":"http:\/\/andromeda-buecher.de\/buch2\/wp-json\/wp\/v2\/types\/product"}],"replies":[{"embeddable":true,"href":"http:\/\/andromeda-buecher.de\/buch2\/wp-json\/wp\/v2\/comments?post=4640"}],"wp:featuredmedia":[{"embeddable":true,"href":"http:\/\/andromeda-buecher.de\/buch2\/wp-json\/wp\/v2\/media\/15216"}],"wp:attachment":[{"href":"http:\/\/andromeda-buecher.de\/buch2\/wp-json\/wp\/v2\/media?parent=4640"}],"wp:term":[{"taxonomy":"product_cat","embeddable":true,"href":"http:\/\/andromeda-buecher.de\/buch2\/wp-json\/wp\/v2\/product_cat?post=4640"},{"taxonomy":"product_tag","embeddable":true,"href":"http:\/\/andromeda-buecher.de\/buch2\/wp-json\/wp\/v2\/product_tag?post=4640"}],"curies":[{"name":"wp","href":"https:\/\/api.w.org\/{rel}","templated":true}]}}