{"id":4620,"date":"2016-03-18T16:03:15","date_gmt":"2016-03-18T16:03:15","guid":{"rendered":"http:\/\/andromeda-buecher.de\/buch2\/?product=die-mosaisch-christliche-religion-und-das-deutsche-volk"},"modified":"2016-05-12T17:28:50","modified_gmt":"2016-05-12T15:28:50","slug":"die-mosaisch-christliche-religion-und-das-deutsche-volk","status":"publish","type":"product","link":"http:\/\/andromeda-buecher.de\/buch2\/produkt\/die-mosaisch-christliche-religion-und-das-deutsche-volk\/","title":{"rendered":"Die mosaisch-christliche Religion und das deutsche Volk"},"content":{"rendered":"<p>von Erich Glagau<br \/>\nEigenverlag, geheftet, DIN A5<\/p>\n<p>Inhalts\u00fcbersicht:<\/p>\n<p>I. Sind Volk und Religion zu vereinbaren?<br \/>\nII. Wie kamen die V\u00f6lker Europas zur mosaisch-christlichen Religion?<br \/>\nIII. Wem nutzt die mosaisch-christliche Religion?<br \/>\nVI. Die Gewissensfrage f\u00fcr jeden Volksbewu\u00dften.<\/p>\n<p>Klare Sicht bringt klare Verh\u00e4ltnisse!<\/p>\n<p>In allen Nationen reden die Politiker von Einigkeit und Recht und Freiheit. Die Sehnsucht danach kennen alle V\u00f6lker.<br \/>\nAber im Munde mancher Politiker werden diese Parolen zur Phrase, weil sie sich anderen verpflichtet f\u00fchlen und nicht ihrem eigenen Volk. Mit solchen und \u00e4hnlichen Schlagworten wird das Volk lediglich beruhigt und zum Tr\u00e4umen verf\u00fchrt, damit es leichter bei der Stange gehalten werden kann.<br \/>\nNoch nie standen kleine und auch gr\u00f6\u00dfere V\u00f6lker so dicht am v\u00f6lkischen und wirtschaftlichen Abgrund wie heute. Jeder aufmerksame Beobachter wei\u00df, welche V\u00f6lker besonders betroffen sind. Andere haben wohl die W\u00fchlarbeit gewisser Kr\u00e4fte erkannt, aber sie resignieren, weil sie sich wehrlos vorkommen. Einige klammern sich in ihrer seelischen Not an ihre Kirche und hoffen auf Beistand.<br \/>\nDiejenigen aber, die Rat bei ihrer Kirche suchen, sollten pr\u00fcfen, ob sie dort einen verl\u00e4\u00dflicher Partner finden! Denn:<br \/>\nDie Einigkeit wurde durch artfremde Religionen zerst\u00f6rt.<br \/>\nAus Recht wurde hier und da religi\u00f6se Erbs\u00fcnde und Sippenhaft.<br \/>\nAus Freiheit des Geistes und der Seele wurde Knechtschaft.<\/p>\n<p>Einigkeit, Recht und Freiheit sollten jedoch die ehrlichen Ziele aller Verantwortlichen bleiben, die zur F\u00fchrung der Menschen sich berufen f\u00fchlen!<br \/>\nDie Kirchen haben diese Kriterien jedoch zu keiner Zeit erf\u00fcllt!<br \/>\nSie benutzen die Angst der Menschen vor der Ungewi\u00dfheit nach dem Tode, um daraus Kapital zu schlagen.<br \/>\nSie l\u00fcgen den Menschen vor, allein die Macht zu haben, den Menschen den Weg in ein herrliches Jenseits zeigen zu k\u00f6nnen.<br \/>\nAuch vermiesen sie den Menschen die \u00fcberw\u00e4ltigenden Sch\u00f6nheiten der Natur und das Leben insgesamt.<br \/>\nSie brauchen f\u00fcr ihr Gesch\u00e4ft ein irdisches Jammertal, um den Menschen ein herrlicheres Leben nach dem Tode vorzugaukeln.<br \/>\nDenn diese Taktik ist die Voraussetzung f\u00fcr das Erreichen ihrer Absicht: Die Menschen von der Kirche und ihren Priestern abh\u00e4ngig zu machen.<br \/>\nMit sinnlosen Versprechungen f\u00fcr das Jenseits stellen sie einen ungedeckten Scheck aus! Wer nicht mit den Verlockungen des Himmels auf diese L\u00fcgengeschichten hereinf\u00e4llt, bei dem versucht man mit den furchteinfl\u00f6\u00dfenden Schrecken des Fegefeuers und der H\u00f6lle das irdische Ziel der Abh\u00e4ngigkeit der leichtgl\u00e4ubigen Menschen zu erreichen.<br \/>\nZuckerbrot und Peitsche sind die beiden wichtigsten Bestandteile der mosaisch-christlichen Religion. So einfach ist die Psychologie einer Religion! Mose war ein Meister dieses Faches.<br \/>\nDie Beweise liegen klar auf der Hand! Sie finden sie unwiderlegbar in diesem kurzen Vortrag.<br \/>\nIch bin davon \u00fcberzeugt, da\u00df es f\u00fcr alle Menschen zu besserem Verst\u00e4ndnis und besserem Miteinander kommt, wenn man sie wieder zur Ehrlichkeit, zum gewachsenen Recht und zur Freiheit der Seele und des Geistes f\u00fchrt.<br \/>\nAuch die Beachtung der Regeln der Natur geh\u00f6rt dazu. Denn alle V\u00f6lker haben ihre gleichwertige Lebensberechtigung! Ohne Unterschied und ohne Vorzugsrechte!<br \/>\nIch m\u00f6chte mit dieser Aufkl\u00e4rungsarbeit dazu beitragen, da\u00df die Menschen erkennen, wie das gro\u00dfe \u00dcbel eines angeblichen religi\u00f6sen Glaubens, welcher der Natur widerspricht, in die Welt gekommen ist.<br \/>\nSobald der Blick klar ist, kann jeder einzelne seinen Beitrag f\u00fcr bessere Verh\u00e4ltnisse leisten. Dann werden die V\u00f6lker gemeinsam die Kraft finden, sich f\u00fcr ein Diesseits einzusetzen, das lebenswert ist! Sie brauchen keine inhaltslosen Versprechungen f\u00fcr ein unbewiesenes Jenseits.<\/p>\n","protected":false},"excerpt":{"rendered":"<p>von Erich Glagau Eigenverlag, geheftet, DIN A5 Inhalts\u00fcbersicht: I. Sind Volk und Religion zu vereinbaren? II. Wie kamen die V\u00f6lker Europas zur mosaisch-christlichen Religion? III. Wem nutzt die mosaisch-christliche Religion? VI. Die Gewissensfrage f\u00fcr jeden Volksbewu\u00dften. Klare Sicht bringt klare Verh\u00e4ltnisse! In allen Nationen reden die Politiker von Einigkeit und Recht und Freiheit. Die Sehnsucht [&hellip;]<\/p>\n","protected":false},"featured_media":16671,"comment_status":"open","ping_status":"closed","template":"","meta":[],"product_cat":[122],"product_tag":[],"_links":{"self":[{"href":"http:\/\/andromeda-buecher.de\/buch2\/wp-json\/wp\/v2\/product\/4620"}],"collection":[{"href":"http:\/\/andromeda-buecher.de\/buch2\/wp-json\/wp\/v2\/product"}],"about":[{"href":"http:\/\/andromeda-buecher.de\/buch2\/wp-json\/wp\/v2\/types\/product"}],"replies":[{"embeddable":true,"href":"http:\/\/andromeda-buecher.de\/buch2\/wp-json\/wp\/v2\/comments?post=4620"}],"wp:featuredmedia":[{"embeddable":true,"href":"http:\/\/andromeda-buecher.de\/buch2\/wp-json\/wp\/v2\/media\/16671"}],"wp:attachment":[{"href":"http:\/\/andromeda-buecher.de\/buch2\/wp-json\/wp\/v2\/media?parent=4620"}],"wp:term":[{"taxonomy":"product_cat","embeddable":true,"href":"http:\/\/andromeda-buecher.de\/buch2\/wp-json\/wp\/v2\/product_cat?post=4620"},{"taxonomy":"product_tag","embeddable":true,"href":"http:\/\/andromeda-buecher.de\/buch2\/wp-json\/wp\/v2\/product_tag?post=4620"}],"curies":[{"name":"wp","href":"https:\/\/api.w.org\/{rel}","templated":true}]}}