{"id":4556,"date":"2016-03-18T16:03:13","date_gmt":"2016-03-18T16:03:13","guid":{"rendered":"http:\/\/andromeda-buecher.de\/buch2\/?product=geheimtechnologien-wunderwaffen-und-die-irdischen-facetten-des-ufo-phaenomens"},"modified":"2016-03-26T15:53:59","modified_gmt":"2016-03-26T14:53:59","slug":"geheimtechnologien-wunderwaffen-und-die-irdischen-facetten-des-ufo-phaenomens","status":"publish","type":"product","link":"http:\/\/andromeda-buecher.de\/buch2\/produkt\/geheimtechnologien-wunderwaffen-und-die-irdischen-facetten-des-ufo-phaenomens\/","title":{"rendered":"GEHEIMTECHNOLOGIEN, WUNDERWAFFEN UND DIE IRDISCHEN FACETTEN DES UFO-PH\u00c4NOMENS"},"content":{"rendered":"<p>von Karl-Heinz Zunneck<\/p>\n<p>325 S., Abb., A5, Pb., ISBN 3-935095-09-, antiquarisch<\/p>\n<p>50 Jahre Desinformation und die Folgen<br \/>\nDer Autor beleuchtet Ger\u00fcchte um deutsche Geheimtechnologien w\u00e4hrend des 2. Weltkrieges, die jenseits von dem lagen, was heute unter dem Begriff der V- oder Wunder-Waffen gehandelt wird. Flugscheiben und Laserstrahlwaffen wurden zum Ende des Krieges erprobt. Teile der Entwicklungsarbeiten wurden in Untergrundbasen durchgef\u00fchrt, abgeschirmt von jeglicher \u00d6ffentlichkeit. Wissenschaftler beschritten zudem exotische Wege, um alternative Energien nutzbar zu machen. Und es gibt Hinweise, wo Reste dieser Technologien zu finden sind!<\/p>\n<p>Ein Gro\u00dfteil der revolution\u00e4ren Technologieentwicklungen wurde sp\u00e4ter auf den amerikanischen Kontinent verbracht und dort weiterentwickelt. Wahrscheinlich ist sogar ein Teil der ungel\u00f6sten UFO-F\u00e4lle, die seit 1947 verst\u00e4rkt weltweit registriert wurden, auf eine Weiterentwicklung zur\u00fcckzuf\u00fchren. W\u00e4hrend die \u00d6ffentlichkeit mit Geschichten von Au\u00dferirdischen und Entf\u00fchrungen durch \u00bbkleine Graue\u00ab in die Irre geleitet wird, wachen Experten f\u00fcr psychologische Kriegsf\u00fchrung argw\u00f6hnisch dar\u00fcber, da\u00df die tats\u00e4chlichen irdischen UFO-Stimuli unerkannt bleiben. Dieses Buch wird Ihnen die Augen \u00f6ffnen!<\/p>\n","protected":false},"excerpt":{"rendered":"<p>von Karl-Heinz Zunneck 325 S., Abb., A5, Pb., ISBN 3-935095-09-, antiquarisch 50 Jahre Desinformation und die Folgen Der Autor beleuchtet Ger\u00fcchte um deutsche Geheimtechnologien w\u00e4hrend des 2. Weltkrieges, die jenseits von dem lagen, was heute unter dem Begriff der V- oder Wunder-Waffen gehandelt wird. Flugscheiben und Laserstrahlwaffen wurden zum Ende des Krieges erprobt. Teile der [&hellip;]<\/p>\n","protected":false},"featured_media":13838,"comment_status":"open","ping_status":"closed","template":"","meta":[],"product_cat":[148],"product_tag":[],"_links":{"self":[{"href":"http:\/\/andromeda-buecher.de\/buch2\/wp-json\/wp\/v2\/product\/4556"}],"collection":[{"href":"http:\/\/andromeda-buecher.de\/buch2\/wp-json\/wp\/v2\/product"}],"about":[{"href":"http:\/\/andromeda-buecher.de\/buch2\/wp-json\/wp\/v2\/types\/product"}],"replies":[{"embeddable":true,"href":"http:\/\/andromeda-buecher.de\/buch2\/wp-json\/wp\/v2\/comments?post=4556"}],"wp:featuredmedia":[{"embeddable":true,"href":"http:\/\/andromeda-buecher.de\/buch2\/wp-json\/wp\/v2\/media\/13838"}],"wp:attachment":[{"href":"http:\/\/andromeda-buecher.de\/buch2\/wp-json\/wp\/v2\/media?parent=4556"}],"wp:term":[{"taxonomy":"product_cat","embeddable":true,"href":"http:\/\/andromeda-buecher.de\/buch2\/wp-json\/wp\/v2\/product_cat?post=4556"},{"taxonomy":"product_tag","embeddable":true,"href":"http:\/\/andromeda-buecher.de\/buch2\/wp-json\/wp\/v2\/product_tag?post=4556"}],"curies":[{"name":"wp","href":"https:\/\/api.w.org\/{rel}","templated":true}]}}