{"id":4514,"date":"2016-03-18T16:03:11","date_gmt":"2016-03-18T16:03:11","guid":{"rendered":"http:\/\/andromeda-buecher.de\/buch2\/?product=buch-3-der-dritte-weltkrieg"},"modified":"2016-03-18T16:03:11","modified_gmt":"2016-03-18T16:03:11","slug":"buch-3-der-dritte-weltkrieg","status":"publish","type":"product","link":"http:\/\/andromeda-buecher.de\/buch2\/produkt\/buch-3-der-dritte-weltkrieg\/","title":{"rendered":"Buch 3 &#8211; Der dritte Weltkrieg"},"content":{"rendered":"<p>von Jan Udo Holey (Jan van Helsing)<br \/>\n384 Seiten, Kopie der vergriffenen Originalausgabe (Hei\u00dfklebebindung, DIN A 4), Einzelexemplar.<\/p>\n<p>Interessiert es Sie, ob es tats\u00e4chlich dazu kommt, und wenn ja, wie dieser Krieg ausgehen wird? Die in diesem Buch aufgef\u00fchrten Prophezeiungen von einhundert verschiedenen Sehern aus der ganzen Welt haben alle genau diesen Dritten Weltkrieg vorausgesehen und die weitere Entwicklung der irdischen Menschheit im Detail beschrieben. <\/p>\n<p>\nJan van Helsing als Profi auf diesem Gebiet l\u00e4sst Sie jedoch nicht mit diesen Informationen im Regen stehen, sondern nimmt Sie bei der Hand und zeigt Ihnen auch die positiven Aspekte der prophezeiten Ereignisse, beschreibt ausf\u00fchrlich, wie der Einzelne mit dieser Situation umgehen kann, wie er durch eine bewusste Umkehr im Denken als auch im Handeln nicht nur dem Sog der Negativit\u00e4t des Alltags entrinnt, sondern mit den hier pr\u00e4sentierten Werkzeugen sein Leben auch bewusst neu gestalten kann. Im Jahre 1871 erstellten die F\u00fchrer einer Geheimloge (siehe deren Emblem auf der Frontseite dieses Buches) einen Plan, wie sie \u00fcber drei Weltkriege die Welt &#8211; sprich die Zentralbanken, die B\u00f6rsen, das \u00d6l, die Energie- sowie die Wasserversorgung, die Medien und die Medizin &#8211; in ihre Gewalt bringen k\u00f6nnen. Auf dem Weg zur &#8222;Neuen Weltordnung&#8220; (Novus Ordo Seclorum) &#8211; einer Weltregierung kontrolliert von diesen Schattenm\u00e4nnern &#8211; sollte der Erste Weltkrieg inszeniert werden, um das zaristische Russland in die H\u00e4nde des bayerischen Illuminatenordens zu bringen. Der Zweite Weltkrieg sollte \u00fcber die Manipulation der zwischen den deutschen Nationalisten und den politischen Zionisten herrschenden Meinungsverschiedenheiten fabriziert werden und der Dritte Weltkrieg sollte sich, diesem Plan zufolge, aus den Meinungsverschiedenheiten ergeben, die man zwischen den Zionisten und den Arabern hervorrufen w\u00fcrde. Es wurde die weltweite Ausdehnung des Konfliktes geplant. <\/p>\n<p>\nSp\u00e4testens jetzt sollten Sie hellh\u00f6rig geworden sein, denn die Verwirklichung des letzten Abschnitts k\u00f6nnen wir gerade live in den Medien miterleben &#8211; die Inszenierung eines Weltkriegs! Der Anschlag auf das WTC in New York war nur eine weitere Etappe auf dem Weg zur Weltregierung, wobei die Angst vor selbst inszenierten Terroranschl\u00e4gen dazu genutzt wird, die Freiheit des Einzelnen scheibchenweise einzuschr\u00e4nken &#8211; Aufhebung des Bankgeheimnisses, \u00dcberwachung der B\u00fcrger, Einf\u00fchrung des bargeldlosen Zahlungsverkehrs bis hin zur Implantierung von Mikrochips unter die Haut. <\/p>\n<p>\n\u201cDer Dritte Weltkrieg kommt. Wir haben in den vergangenen 18 Monaten einen Krieg gef\u00fchrt, der der Vorbote des Dritten Weltkriegs ist. Die Welt wird &#8211; ob es ihr passt oder nicht &#8211; k\u00e4mpfen.\u201d (Ra\u2019anan Gissin, Chefberater des israelischen Ministerpr\u00e4sidenten Ariel Sharon am 27.4.2002 gegen\u00fcber dem Arizona Daily Star.)<\/p>\n","protected":false},"excerpt":{"rendered":"<p>von Jan Udo Holey (Jan van Helsing) 384 Seiten, Kopie der vergriffenen Originalausgabe (Hei\u00dfklebebindung, DIN A 4), Einzelexemplar. Interessiert es Sie, ob es tats\u00e4chlich dazu kommt, und wenn ja, wie dieser Krieg ausgehen wird? Die in diesem Buch aufgef\u00fchrten Prophezeiungen von einhundert verschiedenen Sehern aus der ganzen Welt haben alle genau diesen Dritten Weltkrieg vorausgesehen [&hellip;]<\/p>\n","protected":false},"featured_media":0,"comment_status":"open","ping_status":"closed","template":"","meta":[],"product_cat":[167],"product_tag":[],"_links":{"self":[{"href":"http:\/\/andromeda-buecher.de\/buch2\/wp-json\/wp\/v2\/product\/4514"}],"collection":[{"href":"http:\/\/andromeda-buecher.de\/buch2\/wp-json\/wp\/v2\/product"}],"about":[{"href":"http:\/\/andromeda-buecher.de\/buch2\/wp-json\/wp\/v2\/types\/product"}],"replies":[{"embeddable":true,"href":"http:\/\/andromeda-buecher.de\/buch2\/wp-json\/wp\/v2\/comments?post=4514"}],"wp:attachment":[{"href":"http:\/\/andromeda-buecher.de\/buch2\/wp-json\/wp\/v2\/media?parent=4514"}],"wp:term":[{"taxonomy":"product_cat","embeddable":true,"href":"http:\/\/andromeda-buecher.de\/buch2\/wp-json\/wp\/v2\/product_cat?post=4514"},{"taxonomy":"product_tag","embeddable":true,"href":"http:\/\/andromeda-buecher.de\/buch2\/wp-json\/wp\/v2\/product_tag?post=4514"}],"curies":[{"name":"wp","href":"https:\/\/api.w.org\/{rel}","templated":true}]}}