{"id":17201,"date":"2017-03-01T18:27:00","date_gmt":"2017-03-01T17:27:00","guid":{"rendered":"http:\/\/andromeda-buecher.de\/buch2\/?post_type=product&#038;p=17201"},"modified":"2017-03-01T18:27:00","modified_gmt":"2017-03-01T17:27:00","slug":"die-verschollene-pyramide","status":"publish","type":"product","link":"http:\/\/andromeda-buecher.de\/buch2\/produkt\/die-verschollene-pyramide\/","title":{"rendered":"Die verschollene Pyramide"},"content":{"rendered":"<p>Sp\u00e4testens seit der Entdeckung des Grabes von Tutanchamun, durch Howard Carter, ist es der Traum eines jeden \u00c3gyptologen, ein verschlossenes und unausgepl\u00fcndertes Grab zu finden. Mohammed Z. Goneim erlebte diesen Traum. Bei seinen Grabungsarbeiten s\u00fcdwestlich der Unas Pyramide in Sakkara, zwischen 1951 und 1955, entdeckte er die Pyramide des Sechemchet. Dem Umstand, dass die Pyramide nie fertig gestellt wurde, ist es zu verdanken, dass Goneim die erste und bis jetzt einzige Pyramide in moderner Zeit entdecken konnte, die nicht in der Antike gepl\u00fcndert wurde. Nachdem die noch original verschlossene Pyramide ge\u00f6ffnet wurde, fanden sich bereits im Eingangskorridor kostbare Grabbeigaben wie Gef\u00e4\u00dfe und Goldschmuck. Das Buch &#8222;Die verschollene Pyramide&#8220; erz\u00e4hlt die Entdeckungsgeschichte der Pyramide des Sechemchet, von den ersten Spatenstichen bis zur \u00d6ffnung des noch original versiegelten Sarkophages in der Grabkammer.<\/p>\n","protected":false},"excerpt":{"rendered":"<p>Sp\u00e4testens seit der Entdeckung des Grabes von Tutanchamun, durch Howard Carter, ist es der Traum eines jeden \u00c3gyptologen, ein verschlossenes und unausgepl\u00fcndertes Grab zu finden. Mohammed Z. Goneim erlebte diesen Traum. Bei seinen Grabungsarbeiten s\u00fcdwestlich der Unas Pyramide in Sakkara, zwischen 1951 und 1955, entdeckte er die Pyramide des Sechemchet. Dem Umstand, dass die Pyramide [&hellip;]<\/p>\n","protected":false},"featured_media":17202,"comment_status":"closed","ping_status":"closed","template":"","meta":[],"product_cat":[157],"product_tag":[],"_links":{"self":[{"href":"http:\/\/andromeda-buecher.de\/buch2\/wp-json\/wp\/v2\/product\/17201"}],"collection":[{"href":"http:\/\/andromeda-buecher.de\/buch2\/wp-json\/wp\/v2\/product"}],"about":[{"href":"http:\/\/andromeda-buecher.de\/buch2\/wp-json\/wp\/v2\/types\/product"}],"replies":[{"embeddable":true,"href":"http:\/\/andromeda-buecher.de\/buch2\/wp-json\/wp\/v2\/comments?post=17201"}],"wp:featuredmedia":[{"embeddable":true,"href":"http:\/\/andromeda-buecher.de\/buch2\/wp-json\/wp\/v2\/media\/17202"}],"wp:attachment":[{"href":"http:\/\/andromeda-buecher.de\/buch2\/wp-json\/wp\/v2\/media?parent=17201"}],"wp:term":[{"taxonomy":"product_cat","embeddable":true,"href":"http:\/\/andromeda-buecher.de\/buch2\/wp-json\/wp\/v2\/product_cat?post=17201"},{"taxonomy":"product_tag","embeddable":true,"href":"http:\/\/andromeda-buecher.de\/buch2\/wp-json\/wp\/v2\/product_tag?post=17201"}],"curies":[{"name":"wp","href":"https:\/\/api.w.org\/{rel}","templated":true}]}}