{"id":11930,"date":"2016-03-19T17:20:56","date_gmt":"2016-03-19T17:20:56","guid":{"rendered":"http:\/\/andromeda-buecher.de\/buch2\/shop\/deutschlands-rolle-in-der-welt-hilfssheriff-der-usa\/"},"modified":"2016-03-30T20:20:30","modified_gmt":"2016-03-30T18:20:30","slug":"deutschlands-rolle-in-der-welt-hilfssheriff-der-usa","status":"publish","type":"product","link":"http:\/\/andromeda-buecher.de\/buch2\/produkt\/deutschlands-rolle-in-der-welt-hilfssheriff-der-usa\/","title":{"rendered":"Deutschlands Rolle in der Welt &#8211; Hilfssheriff der USA"},"content":{"rendered":"<p><strong>40 Seiten<\/strong><\/p>\n<div>\n<div>\n<p><strong>kartoniert<\/strong><\/p>\n<p><strong>Kurztext:<\/strong><\/p>\n<p>Der vorliegende GFP-Report 2015 umfa\u00dft den Text der Vortr\u00e4ge, die auf<br \/>\ndem GFP-Jahreskongre\u00df 2015 in Kirchheim bei Erfurt gehalten wurden.<br \/>\nNach einer Einf\u00fchrung durch den GFP-Vorsitzenden Martin Pfeiffer sprach<br \/>\nHarald Neubauer \u00fcber das Motto des diesj\u00e4hrigen Kongresses:<br \/>\n\u00bbHilfssheriff der USA. Deutschlands Rolle in der Welt\u00ab. Dr. Mario Kandil<br \/>\ntrug \u00fcber den Wiener Kongre\u00df vor, der sich dieses Jahr zum 200. Mal<br \/>\nj\u00e4hrte, und eine m\u00f6gliche \u00bbNeuordnung Europas 2015\u00ab. Anschlie\u00dfend redete<br \/>\nHeinz Fl\u00f6ter \u00fcber das ebenso brisante wie aktuelle Thema des religi\u00f6sen<br \/>\nFundamentalismus: \u00bbFanatischer Glaube als Weltgefahr?\u00ab Ein d\u00fcsteres<br \/>\nBild in bezug auf die politische Kultur in der BRD zeichnete Dr. Bj\u00f6rn<br \/>\nClemens am Beispiel der D\u00dcGIDA in D\u00fcsseldorf. Schlie\u00dflich befa\u00dfte sich<br \/>\nProf. Volker Wehdeking mit der \u00bbLiteratur nach der Wiedervereinigung\u00ab in<br \/>\nden neuen Bundesl\u00e4ndern. Gegen Ende des Kongresses wurde die Verleihung<br \/>\nder Ulrich von Hutten-Medaille an den Publizisten Hans-Dietrich Sander<br \/>\nvorgenommen, auf den Arne Schimmer die Laudatio hielt. Drei erg\u00e4nzende<br \/>\nTexte wurden in das Buch zus\u00e4tzlich aufgenommen: von Dr. Claus Nordbruch<br \/>\nzum Thema \u00bbMacht hinter den Kulissen\u00ab, von Prof. Michael Nier \u00fcber<br \/>\n\u00bbDeutchland und die deutschen Interessen\u00ab sowie einen Offenen Brief von<br \/>\nGeneral a.D. Schultze-Rhonhof an Bundeskanzlerin Angela Merkel.<\/p>\n<\/div>\n<\/div>\n","protected":false},"excerpt":{"rendered":"<p>40 Seiten kartoniert Kurztext: Der vorliegende GFP-Report 2015 umfa\u00dft den Text der Vortr\u00e4ge, die auf dem GFP-Jahreskongre\u00df 2015 in Kirchheim bei Erfurt gehalten wurden. Nach einer Einf\u00fchrung durch den GFP-Vorsitzenden Martin Pfeiffer sprach Harald Neubauer \u00fcber das Motto des diesj\u00e4hrigen Kongresses: \u00bbHilfssheriff der USA. Deutschlands Rolle in der Welt\u00ab. Dr. Mario Kandil trug \u00fcber den [&hellip;]<\/p>\n","protected":false},"featured_media":15470,"comment_status":"closed","ping_status":"closed","template":"","meta":[],"product_cat":[147],"product_tag":[],"_links":{"self":[{"href":"http:\/\/andromeda-buecher.de\/buch2\/wp-json\/wp\/v2\/product\/11930"}],"collection":[{"href":"http:\/\/andromeda-buecher.de\/buch2\/wp-json\/wp\/v2\/product"}],"about":[{"href":"http:\/\/andromeda-buecher.de\/buch2\/wp-json\/wp\/v2\/types\/product"}],"replies":[{"embeddable":true,"href":"http:\/\/andromeda-buecher.de\/buch2\/wp-json\/wp\/v2\/comments?post=11930"}],"wp:featuredmedia":[{"embeddable":true,"href":"http:\/\/andromeda-buecher.de\/buch2\/wp-json\/wp\/v2\/media\/15470"}],"wp:attachment":[{"href":"http:\/\/andromeda-buecher.de\/buch2\/wp-json\/wp\/v2\/media?parent=11930"}],"wp:term":[{"taxonomy":"product_cat","embeddable":true,"href":"http:\/\/andromeda-buecher.de\/buch2\/wp-json\/wp\/v2\/product_cat?post=11930"},{"taxonomy":"product_tag","embeddable":true,"href":"http:\/\/andromeda-buecher.de\/buch2\/wp-json\/wp\/v2\/product_tag?post=11930"}],"curies":[{"name":"wp","href":"https:\/\/api.w.org\/{rel}","templated":true}]}}