{"id":11894,"date":"2016-03-19T17:20:48","date_gmt":"2016-03-19T17:20:48","guid":{"rendered":"http:\/\/andromeda-buecher.de\/buch2\/shop\/vermoegensaufbau-trotz-rettungsschirm-und-schuldenbremse-wie-sie-die-finanzkrise-und-die-inflation-als-rueckenwind-fuer-ihren-vermoegensaufbau-nutzen\/"},"modified":"2016-04-05T15:28:55","modified_gmt":"2016-04-05T13:28:55","slug":"vermoegensaufbau-trotz-rettungsschirm-und-schuldenbremse-wie-sie-die-finanzkrise-und-die-inflation-als-rueckenwind-fuer-ihren-vermoegensaufbau-nutzen","status":"publish","type":"product","link":"http:\/\/andromeda-buecher.de\/buch2\/produkt\/vermoegensaufbau-trotz-rettungsschirm-und-schuldenbremse-wie-sie-die-finanzkrise-und-die-inflation-als-rueckenwind-fuer-ihren-vermoegensaufbau-nutzen\/","title":{"rendered":"Verm\u00f6gensaufbau trotz Rettungsschirm und Schuldenbremse: Wie Sie die Finanzkrise und die Inflation als R\u00fcckenwind f\u00fcr Ihren Verm\u00f6gensaufbau nutzen"},"content":{"rendered":"<p><strong>Klaus Kempe<\/strong><\/p>\n<h3>Verm\u00f6gensaufbau trotz Rettungsschirm und Schuldenbremse<\/h3>\n<h4>Wie Sie die Finanzkrise und die Inflation als R\u00fcckenwind f\u00fcr Ihren Verm\u00f6gensaufbau nutzen.<\/h4>\n<p>Hardcover<br \/>\nca. 224 Seiten<br \/>\nISBN: 978-3-941800-33-5<\/p>\n<p>Machen Sie sich Gedanken \u00fcber Ihre finanzielle Zukunft?<br \/>\nFragen Sie<br \/>\nsich manchmal, wie Sie sicherstellen k\u00f6nnen, dass Sie in zehn oder<br \/>\nzwanzig Jahren abgesichert sind? Und kommen Ihnen angesichts der<br \/>\naktuellen politischen und wirtschaftlichen Situation manchmal Zweifel,<br \/>\ndass Sie es schaffen k\u00f6nnen?<\/p>\n<p>Angesichts der Geschwindigkeit, mit der die Bundesregierung<br \/>\nmilliardenschwere &#8222;Rettungsschirme&#8220; f\u00fcr notleidende Banken und Staaten<br \/>\nverabschiedet, sind diese Fragen heute aktueller denn je.<\/p>\n<p><strong>Dieses Buch zeigt Ihnen die Situation und die damit<br \/>\nverbundenen Konsequenzen auf und stellt Ihnen L\u00f6sungen zur Verf\u00fcgung, um<br \/>\nIhre finanzielle Zukunft abzusichern.<\/strong><\/p>\n<p>Sie erfahren unter anderem:<\/p>\n<ul>\n<li class=\"firstItem\">Was ist als Folge all der &#8222;Rettungsschirme&#8220; und &#8222;Schuldenbremsen&#8220; zu erwarten?<\/li>\n<li>Wie wirkt sich das auf Sparguthaben und Renten aus?<\/li>\n<li>Was kann man als Einzelperson unternehmen, um diese Entwicklung f\u00fcr sich zu nutzen?<\/li>\n<li class=\"lastItem\">Wie kann man sein Verm\u00f6gen sch\u00fctzen?<\/li>\n<\/ul>\n<p><strong>Dieses Buch ist ein Muss f\u00fcr jeden, dem seine finanzielle Zukunft am Herzen liegt!<\/strong><\/p>\n","protected":false},"excerpt":{"rendered":"<p>Klaus Kempe Verm\u00f6gensaufbau trotz Rettungsschirm und Schuldenbremse Wie Sie die Finanzkrise und die Inflation als R\u00fcckenwind f\u00fcr Ihren Verm\u00f6gensaufbau nutzen. Hardcover ca. 224 Seiten ISBN: 978-3-941800-33-5 Machen Sie sich Gedanken \u00fcber Ihre finanzielle Zukunft? Fragen Sie sich manchmal, wie Sie sicherstellen k\u00f6nnen, dass Sie in zehn oder zwanzig Jahren abgesichert sind? Und kommen Ihnen angesichts [&hellip;]<\/p>\n","protected":false},"featured_media":15811,"comment_status":"closed","ping_status":"closed","template":"","meta":[],"product_cat":[151],"product_tag":[],"_links":{"self":[{"href":"http:\/\/andromeda-buecher.de\/buch2\/wp-json\/wp\/v2\/product\/11894"}],"collection":[{"href":"http:\/\/andromeda-buecher.de\/buch2\/wp-json\/wp\/v2\/product"}],"about":[{"href":"http:\/\/andromeda-buecher.de\/buch2\/wp-json\/wp\/v2\/types\/product"}],"replies":[{"embeddable":true,"href":"http:\/\/andromeda-buecher.de\/buch2\/wp-json\/wp\/v2\/comments?post=11894"}],"wp:featuredmedia":[{"embeddable":true,"href":"http:\/\/andromeda-buecher.de\/buch2\/wp-json\/wp\/v2\/media\/15811"}],"wp:attachment":[{"href":"http:\/\/andromeda-buecher.de\/buch2\/wp-json\/wp\/v2\/media?parent=11894"}],"wp:term":[{"taxonomy":"product_cat","embeddable":true,"href":"http:\/\/andromeda-buecher.de\/buch2\/wp-json\/wp\/v2\/product_cat?post=11894"},{"taxonomy":"product_tag","embeddable":true,"href":"http:\/\/andromeda-buecher.de\/buch2\/wp-json\/wp\/v2\/product_tag?post=11894"}],"curies":[{"name":"wp","href":"https:\/\/api.w.org\/{rel}","templated":true}]}}