{"id":10588,"date":"2016-03-19T17:09:47","date_gmt":"2016-03-19T17:09:47","guid":{"rendered":"http:\/\/andromeda-buecher.de\/buch2\/shop\/aldebaran-das-vermaechtnis-unserer-ahnen\/"},"modified":"2016-03-19T17:09:47","modified_gmt":"2016-03-19T17:09:47","slug":"aldebaran-das-vermaechtnis-unserer-ahnen","status":"publish","type":"product","link":"http:\/\/andromeda-buecher.de\/buch2\/produkt\/aldebaran-das-vermaechtnis-unserer-ahnen\/","title":{"rendered":"ALDEBARAN Das Verm\u00e4chtnis unserer Ahnen"},"content":{"rendered":"<p>Aldebaran<br \/>Das Verm\u00e4chtnis unserer Ahnen<\/p>\n<p>Mit einem Vorwort von Dan<br \/>\nDavis &#8211; antiquarisches Restexemplar<\/p>\n<p>Sind Sie sich bewusst dar\u00fcber, dass unsere Ahnen bereits seit einem<br \/>\nl\u00e4ngeren Zeitraum wieder auf der Erde agieren und viele Menschen<br \/>\nkontaktieren?<br \/>K\u00f6nnen Sie sich vorstellen, dass die Alten zum Teil unter uns<br \/>\nweilen, uns studieren, analysieren und oft genug auch unsere Dummheiten<br \/>\nkorrigieren?<br \/>Die Menschheit steht wieder einmal mehr vor der eigenen<br \/>\nSelbstvernichtung, einem irdischen Drama, das nachweislich schon einmal<br \/>\ngeschah.<br \/>Wie konnte es geschehen, dass wir uns \u00fcber Jahrzehnte wie die<br \/>\nLemminge zu menschlichen Abgr\u00fcnden auch nach 1945 f\u00fchren lie\u00dfen? Weil es so<br \/>\nbequem war, nicht zu denken und sich der Herde anzuschlie\u00dfen?<br \/>Ist Ihnen in<br \/>\ndiesem Zusammenhang bewusst, mit welch subtilen Methoden unser Verstand<br \/>\nbeeinflusst und programmiert wurde?<br \/>Haben Sie sich jemals gefragt, ob<br \/>\nZeitreisen existieren und durchf\u00fchrbar sind? Welche Rolle nehmen die &#8222;Schl\u00e4fer&#8220;<br \/>\n(&#8222;Kontakler&#8220;) am &#8222;Tag X&#8220; ein, und wo sind sie zu finden? Gibt es ein<br \/>\n\u00fcbergeordnetes Programm der Ahnen, welches die &#8222;Kontaktler&#8220; koordiniert?<br \/>Die<br \/>\nZeichen der Zeit sind klar zu erkennen! Der Weckruf unserer Ahnen erreicht immer<br \/>\nmehr Menschen. Alle mir zugetragenen Informationen sind nicht ohne Grund jetzt<br \/>\nin dieser Intensit\u00e4t eingeflossen, es sind Hinweise darauf, dass sich die Welt,<br \/>\nwie wir sie bis jetzt kennen, ver\u00e4ndern wird. Wir sehen es tagt\u00e4glich: in den<br \/>\nweltweiten Umw\u00e4lzungen, Katastrophen und Kriegen, Aufruhr im Bewusstsein der<br \/>\nMenschen.<br \/>Dieses Buch wird Ihnen auf viele Fragen Antworten geben, die Sie<br \/>\nvielleicht in dieser Form nicht erwartet h\u00e4tten. Seien Sie offen, wagen Sie den<br \/>\nSchritt in eine neue und h\u00f6here Dimension. Finden Sie die Wahrheit hinter der<br \/>\nWahrheit, die sich wie ein Schleier l\u00fcften wird! Zerrei\u00dfen Sie den k\u00fcnstlich<br \/>\ngeschaffenen grauen Schleier aus Angst und Ohnmacht, der Sie von den Quellen<br \/>\nalten Wissens fernhalten sollte.<br \/>&#8222;Die Alten kommen, die Jungen zu<br \/>\nbewahren&#8220;.<\/p>\n<p>\u00a0Erscheinungstermin: ab Februar 2012<\/p>\n<p><\/p>\n<ul>\n<li><b>Gebundene Ausgabe:<\/b> 333 Seiten<\/li>\n<li><b>Verlag:<\/b> All Stern Verlag; Auflage: Erstauflage ab Februar 2012 (2012)<\/li>\n<li><b>ISBN-10:<\/b> 3000367160<\/li>\n<li><b>ISBN-13:<\/b> 978-3000367168<\/li>\n<\/ul>\n","protected":false},"excerpt":{"rendered":"<p>AldebaranDas Verm\u00e4chtnis unserer Ahnen Mit einem Vorwort von Dan Davis &#8211; antiquarisches Restexemplar Sind Sie sich bewusst dar\u00fcber, dass unsere Ahnen bereits seit einem l\u00e4ngeren Zeitraum wieder auf der Erde agieren und viele Menschen kontaktieren?K\u00f6nnen Sie sich vorstellen, dass die Alten zum Teil unter uns weilen, uns studieren, analysieren und oft genug auch unsere Dummheiten [&hellip;]<\/p>\n","protected":false},"featured_media":0,"comment_status":"closed","ping_status":"closed","template":"","meta":[],"product_cat":[173],"product_tag":[],"_links":{"self":[{"href":"http:\/\/andromeda-buecher.de\/buch2\/wp-json\/wp\/v2\/product\/10588"}],"collection":[{"href":"http:\/\/andromeda-buecher.de\/buch2\/wp-json\/wp\/v2\/product"}],"about":[{"href":"http:\/\/andromeda-buecher.de\/buch2\/wp-json\/wp\/v2\/types\/product"}],"replies":[{"embeddable":true,"href":"http:\/\/andromeda-buecher.de\/buch2\/wp-json\/wp\/v2\/comments?post=10588"}],"wp:attachment":[{"href":"http:\/\/andromeda-buecher.de\/buch2\/wp-json\/wp\/v2\/media?parent=10588"}],"wp:term":[{"taxonomy":"product_cat","embeddable":true,"href":"http:\/\/andromeda-buecher.de\/buch2\/wp-json\/wp\/v2\/product_cat?post=10588"},{"taxonomy":"product_tag","embeddable":true,"href":"http:\/\/andromeda-buecher.de\/buch2\/wp-json\/wp\/v2\/product_tag?post=10588"}],"curies":[{"name":"wp","href":"https:\/\/api.w.org\/{rel}","templated":true}]}}

ALDEBARAN Das Vermächtnis unserer Ahnen

<p>Aldebaran<br />Das Vermächtnis unserer Ahnen</p>
<p>Mit einem Vorwort von Dan<br />
Davis &#8211; antiquarisches Restexemplar</p>
<p>Sind Sie sich bewusst darüber, dass unsere Ahnen bereits seit einem<br />
längeren Zeitraum wieder auf der Erde agieren und viele Menschen<br />
kontaktieren?<br />Können Sie sich vorstellen, dass die Alten zum Teil unter uns<br />
weilen, uns studieren, analysieren und oft genug auch unsere Dummheiten<br />
korrigieren?<br />Die Menschheit steht wieder einmal mehr vor der eigenen<br />
Selbstvernichtung, einem irdischen Drama, das nachweislich schon einmal<br />
geschah.<br />Wie konnte es geschehen, dass wir uns über Jahrzehnte wie die<br />
Lemminge zu menschlichen Abgründen auch nach 1945 führen ließen? Weil es so<br />
bequem war, nicht zu denken und sich der Herde anzuschließen?<br />Ist Ihnen in<br />
diesem Zusammenhang bewusst, mit welch subtilen Methoden unser Verstand<br />
beeinflusst und programmiert wurde?<br />Haben Sie sich jemals gefragt, ob<br />
Zeitreisen existieren und durchführbar sind? Welche Rolle nehmen die &#8222;Schläfer&#8220;<br />
(&#8222;Kontakler&#8220;) am &#8222;Tag X&#8220; ein, und wo sind sie zu finden? Gibt es ein<br />
übergeordnetes Programm der Ahnen, welches die &#8222;Kontaktler&#8220; koordiniert?<br />Die<br />
Zeichen der Zeit sind klar zu erkennen! Der Weckruf unserer Ahnen erreicht immer<br />
mehr Menschen. Alle mir zugetragenen Informationen sind nicht ohne Grund jetzt<br />
in dieser Intensität eingeflossen, es sind Hinweise darauf, dass sich die Welt,<br />
wie wir sie bis jetzt kennen, verändern wird. Wir sehen es tagtäglich: in den<br />
weltweiten Umwälzungen, Katastrophen und Kriegen, Aufruhr im Bewusstsein der<br />
Menschen.<br />Dieses Buch wird Ihnen auf viele Fragen Antworten geben, die Sie<br />
vielleicht in dieser Form nicht erwartet hätten. Seien Sie offen, wagen Sie den<br />
Schritt in eine neue und höhere Dimension. Finden Sie die Wahrheit hinter der<br />
Wahrheit, die sich wie ein Schleier lüften wird! Zerreißen Sie den künstlich<br />
geschaffenen grauen Schleier aus Angst und Ohnmacht, der Sie von den Quellen<br />
alten Wissens fernhalten sollte.<br />&#8222;Die Alten kommen, die Jungen zu<br />
bewahren&#8220;.</p>
<p> Erscheinungstermin: ab Februar 2012</p>
<p></p>
<ul>
<li><b>Gebundene Ausgabe:</b> 333 Seiten</li>
<li><b>Verlag:</b> All Stern Verlag; Auflage: Erstauflage ab Februar 2012 (2012)</li>
<li><b>ISBN-10:</b> 3000367160</li>
<li><b>ISBN-13:</b> 978-3000367168</li>
</ul>

<p>AldebaranDas Vermächtnis unserer Ahnen Mit einem Vorwort von Dan Davis &#8211; antiquarisches Restexemplar Sind Sie sich bewusst darüber, dass unsere Ahnen bereits seit einem längeren Zeitraum wieder auf der Erde agieren und viele Menschen kontaktieren?Können Sie sich vorstellen, dass die Alten zum Teil unter uns weilen, uns studieren, analysieren und oft genug auch unsere Dummheiten [&hellip;]</p>
