{"id":10430,"date":"2016-03-19T17:09:19","date_gmt":"2016-03-19T17:09:19","guid":{"rendered":"http:\/\/andromeda-buecher.de\/buch2\/shop\/mms-verstehen-jim-humble-aerzte-wissenschaftler-erfahrungsberichte-dvd-inkl-booklet\/"},"modified":"2016-03-19T17:09:19","modified_gmt":"2016-03-19T17:09:19","slug":"mms-verstehen-jim-humble-aerzte-wissenschaftler-erfahrungsberichte-dvd-inkl-booklet","status":"publish","type":"product","link":"http:\/\/andromeda-buecher.de\/buch2\/produkt\/mms-verstehen-jim-humble-aerzte-wissenschaftler-erfahrungsberichte-dvd-inkl-booklet\/","title":{"rendered":"MMS verstehen: Jim Humble, \u00c4rzte, Wissenschaftler, Erfahrungsberichte (DVD  inkl. Booklet)"},"content":{"rendered":"<p>MMS verstehen<br \/> Jim Humble, \u00c4rzte, Wissenschaftler, Erfahrungsberichte<\/p>\n<p>  Die neue, \u00fcberarbeitete 4.Auflage der MMS DVD<\/p>\n<p>  Der 105Min Dokumentarfilm \u00fcber MMS<\/p>\n<p>   Neue Features:<\/p>\n<p>  -Jetzt inklusive 16 Seitigem MMS Booklet in Papierform mit<br \/>\ninteressanten Artikeln \u00fcber MMS inkl. genauer Anwendungsanleitung f\u00fcr<br \/>\ndie meisten der Markt\u00fcblichen MMS Sets<\/p>\n<p> -Mit Bonusvideos \u00fcber Strukturiertes Wasser und die Wirkung von Strukturiertem Wasser auf Pflanzen<\/p>\n<p>     \u00dcber 100 Min zum Thema MMS:<\/p>\n<p>  -Geschichte<br \/> -Wirkungsweise<br \/> -Chemische Komponenten<br \/> -Erkl\u00e4rungen von \u00c4rzten und Wissenschaftlern<br \/> -Ausf\u00fchrliche Erfahrungsberichte<\/p>\n<p>  &quot;&#8230;Die DVD geht weiter \u00fcber die Informationen des Buches hinaus und<br \/>\nliefert viele interessante Hintergrundinformationen zu dieser<br \/>\neinzigartigen Substanz und den Menschen, die eng mit dem Entdecker<br \/>\nzusammen arbeiten.&quot;<br \/> Thomas Kirschner (Chefredakteur, Mobiwellverlag)<\/p>\n<p>   DVD 9<br \/> 105 Min<br \/> Deutsch-Englisch-Spanisch<br \/> ISBN 978-3-9812917-0-4<br \/> Daniel-Peter-Verlag<\/p>\n<ul>\n<li> <b>Format:<\/b> DVD Region<\/li>\n<li><b>Sprache:<\/b> Deutsch, Englisch, Spanisch<\/li>\n<li> <b>Region:<\/b> Region 2<\/li>\n<li> <b>Bildseitenformat:<\/b> 4:3 &#8211; 1.33:1<\/li>\n<li> <b>Anzahl Disks:<\/b> 1<\/li>\n<li> <b>FSK: <\/b> Ohne Altersbeschr\u00e4nkung <\/li>\n<li> <b>Studio:<\/b> Daniel-Peter-Verlag, Schnaittach<\/li>\n<li> <b>Produktionsjahr:<\/b> 2010<\/li>\n<li> <b>Spieldauer:<\/b> 105 Minuten<\/li>\n<\/ul>\n","protected":false},"excerpt":{"rendered":"<p>MMS verstehen Jim Humble, \u00c4rzte, Wissenschaftler, Erfahrungsberichte Die neue, \u00fcberarbeitete 4.Auflage der MMS DVD Der 105Min Dokumentarfilm \u00fcber MMS Neue Features: -Jetzt inklusive 16 Seitigem MMS Booklet in Papierform mit interessanten Artikeln \u00fcber MMS inkl. genauer Anwendungsanleitung f\u00fcr die meisten der Markt\u00fcblichen MMS Sets -Mit Bonusvideos \u00fcber Strukturiertes Wasser und die Wirkung von Strukturiertem Wasser [&hellip;]<\/p>\n","protected":false},"featured_media":0,"comment_status":"closed","ping_status":"closed","template":"","meta":[],"product_cat":[34],"product_tag":[],"_links":{"self":[{"href":"http:\/\/andromeda-buecher.de\/buch2\/wp-json\/wp\/v2\/product\/10430"}],"collection":[{"href":"http:\/\/andromeda-buecher.de\/buch2\/wp-json\/wp\/v2\/product"}],"about":[{"href":"http:\/\/andromeda-buecher.de\/buch2\/wp-json\/wp\/v2\/types\/product"}],"replies":[{"embeddable":true,"href":"http:\/\/andromeda-buecher.de\/buch2\/wp-json\/wp\/v2\/comments?post=10430"}],"wp:attachment":[{"href":"http:\/\/andromeda-buecher.de\/buch2\/wp-json\/wp\/v2\/media?parent=10430"}],"wp:term":[{"taxonomy":"product_cat","embeddable":true,"href":"http:\/\/andromeda-buecher.de\/buch2\/wp-json\/wp\/v2\/product_cat?post=10430"},{"taxonomy":"product_tag","embeddable":true,"href":"http:\/\/andromeda-buecher.de\/buch2\/wp-json\/wp\/v2\/product_tag?post=10430"}],"curies":[{"name":"wp","href":"https:\/\/api.w.org\/{rel}","templated":true}]}}